 q(o) = -4918*o + 8864. Give q(2).
-972
Let p(k) = 8*k**2 + 12546*k + 50161. Give p(-4).
105
Let b(r) = -r**3 + 67*r**2 + 197*r + 1003. Give b(70).
93
Let j(n) = 418*n**2 + 28859*n + 1179. Give j(-69).
6
Let k(d) = 2373*d + 76433. What is k(-32)?
497
Let x(r) = -1515*r - 5284. Give x(-4).
776
Let l(b) = -3*b**3 - 27325*b**2 - 81951*b + 9. Calculate l(-3).
18
Let f(g) = 15158*g + 1470309. What is f(-97)?
-17
Let i(g) = 9*g**2 - 18*g - 167. Determine i(-5).
148
Let v(y) = -82*y - 279. Calculate v(8).
-935
Let l(k) = -82384*k - 906424. Give l(-11).
-200
Let z(d) = 13425*d + 214746. Calculate z(-16).
-54
Let y(k) = 607*k**2 + 29170*k + 1626. Calculate y(-48).
-6
Let s(v) = -v**3 + 1013*v**2 + 1871*v - 868994. What is s(1014)?
4
Let d(k) = -k**2 + 193*k + 6433. What is d(222)?
-5
Let h(r) = -3635*r - 690650. Determine h(-190).
0
Let o(v) = -v**3 + 3*v**2 + 207*v - 1295. Calculate o(6).
-161
Let m(d) = 4*d**2 - 20201*d - 161820. Determine m(-8).
44
Let i(p) = 2163*p - 7319. Give i(1).
-5156
Let j(f) = -f**2 + 24*f - 449. Determine j(-16).
-1089
Let z(x) = -x**2 - 9890*x - 335124. What is z(-34)?
-20
Let f(i) = -98*i + 13123. Calculate f(92).
4107
Let d(x) = -237*x**2 - 157826*x + 10664. Determine d(-666).
8
Let v(k) = 2*k**3 + 26*k**2 + 2*k - 86. Determine v(-12).
178
Let y(b) = -2326*b + 18586. Determine y(8).
-22
Let z(t) = -3027*t**2 + 15179*t - 229. What is z(5)?
-9
Let o(g) = 10566*g - 1109415. What is o(105)?
15
Let j(n) = 4*n**3 + 7*n**2 - 109*n - 194. What is j(0)?
-194
Let i(k) = -k**3 - 843*k**2 + 5198*k + 812384. Determine i(-848).
0
Let i(w) = w**3 - 987*w**2 - 370332*w - 578. What is i(-290)?
2
Let t(r) = 443695*r**2 + 443700*r + 2. What is t(-1)?
-3
Let z(p) = -p**3 + 245*p**2 - 1130*p - 18208. Calculate z(240).
-1408
Let g(b) = b**3 + 1480*b**2 + 5625*b - 411807. Determine g(-1476).
-3
Let o(q) = 2352*q**3 - 2*q**2 - 8*q - 8. Give o(-1).
-2354
Let n(d) = -395*d + 128063. What is n(324)?
83
Let l(f) = 1548*f + 38753. Give l(-25).
53
Let j(s) = -s**3 - 126*s**2 - 2458*s - 910. What is j(-102)?
110
Let h(s) = -s**3 - 12*s**2 - 88*s - 771. Calculate h(-9).
-222
Let g(w) = 34458*w - 447559. Determine g(13).
395
Let q(z) = 33*z**2 - 8550*z + 25669. Give q(3).
316
Let o(v) = 2*v**3 + 172*v**2 - 164*v + 538. Give o(-87).
-332
Let f(m) = 16421*m - 16834. What is f(1)?
-413
Let x(o) = -3*o**3 - 5*o**2 + 27*o + 98. Calculate x(-5).
213
Let v(d) = -2*d**2 + 4522*d - 621531. Give v(147).
-15
Let m(q) = -30*q**2 + 483*q - 1917. Give m(7).
-6
Let w(q) = 178*q**2 + 5*q - 14. Determine w(1).
169
Let n(j) = 4612*j - 27653. What is n(6)?
19
Let k(u) = -391*u**2 + 73511*u - 620. Give k(188).
-56
Let l(q) = -q**3 + 607*q**2 + 1835*q - 3051. Give l(610).
-1
Let j(s) = s**3 + 82*s**2 + 875*s + 64285. Calculate j(-81).
-29
Let n(i) = i**3 + 3*i**2 - 227*i + 22. Calculate n(-16).
326
Let y(f) = -34*f**2 - 1869*f + 182. Determine y(-55).
127
Let m(g) = -46*g**2 - 3795*g - 1942. Give m(-82).
-56
Let z(n) = 335*n + 895. Determine z(-4).
-445
Let h(d) = -345*d**2 + 5801*d + 78. Determine h(17).
-1010
Let u(a) = 19*a**2 - 1291*a - 1560. What is u(69)?
-180
Let z(h) = -1908*h - 17085. Give z(-9).
87
Let d(n) = n**2 + 107*n - 11033. Determine d(-169).
-555
Let k(h) = -23*h**2 + 626*h + 76. What is k(28)?
-428
Let j(q) = -16*q**2 - 136*q - 148. Give j(-8).
-84
Let g(f) = -5*f**3 + 7*f**2 + 2569*f - 5150. Calculate g(2).
-24
Let p(f) = 2*f**2 + 4442*f - 208285. Determine p(46).
279
Let a(j) = 290*j - 59047. Calculate a(204).
113
Let g(p) = p**3 + 190*p**2 - 1141*p + 7060. What is g(-196)?
200
Let v(z) = -2*z**3 - 15*z**2 + 63*z - 13. Calculate v(-10).
-143
Let n(d) = -42*d**2 - 442*d - 31. Determine n(-12).
-775
Let w(b) = -b**3 - 166*b**2 + 231*b - 17503. Give w(-168).
137
Let v(i) = 652*i + 2869. What is v(-6)?
-1043
Let m(z) = -137*z**2 - 1483*z - 3242. Determine m(-3).
-26
Let x(m) = m**3 + 37*m**2 - 107*m - 6209. Calculate x(-35).
-14
Let h(b) = 54963*b + 5936003. What is h(-108)?
-1
Let j(g) = g**3 - 21*g**2 + 36*g - 393. Determine j(13).
-1277
Let j(c) = -2*c**3 + 186*c**2 - 1373*c + 1142. Give j(85).
37
Let w(n) = -10671*n + 1376267. Calculate w(129).
-292
Let k(u) = u**2 + 2419*u - 1711. Calculate k(0).
-1711
Let q(a) = a**3 + 44*a**2 + 114*a + 345. Calculate q(-43).
-2708
Let p(z) = -z**2 - 775*z + 5444. Determine p(7).
-30
Let a(s) = -33*s**3 - 197*s**2 - 128*s - 825. What is a(-6)?
-21
Let j(v) = 1791487*v - 10748911. Calculate j(6).
11
Let s(v) = -v**3 - 73*v**2 - 416*v - 184. What is s(-67)?
754
Let p(d) = 3*d**3 - 7089*d**2 + 7046*d + 94496. Calculate p(2362).
16
Let n(g) = -g**3 + 117*g**2 - 119*g + 194. Give n(116).
-154
Let x(c) = c**2 - 602*c + 82521. What is x(211)?
20
Let w(l) = 6*l**3 - 10*l**2 + 50*l + 72. Determine w(5).
822
Let d(n) = n**2 + 337*n - 3699. What is d(11)?
129
Let w(l) = 360*l - 42251. Give w(119).
589
Let r(u) = u**3 - 26*u**2 + 186*u - 106. What is r(7)?
265
Let x(i) = -2*i**3 + 1841*i**2 + 530*i + 360109. Determine x(921).
-2
Let t(r) = r**2 + 30*r + 38. Calculate t(18).
902
Let p(a) = -a**3 + 16*a**2 + 269*a + 838. Calculate p(27).
82
Let p(h) = 43487*h - 869649. Give p(20).
91
Let g(y) = 5745*y + 1292604. What is g(-225)?
-21
Let n(l) = -l**2 - 45908*l + 413309. Determine n(9).
56
Let c(m) = -m**3 - 17*m**2 - 1442*m - 18070. What is c(-13)?
0
Let z(q) = -q**3 - 274*q**2 - 561*q - 229676. What is z(-275)?
224
Let x(o) = 383*o - 13779. Calculate x(27).
-3438
Let h(g) = 21*g**2 - 696*g + 326. Determine h(33).
227
Let q(l) = 11096*l - 33014. Determine q(3).
274
Let d(h) = 2*h**3 + 9*h**2 + 15*h - 31. Give d(-7).
-381
Let h(w) = -184*w**3 + 900*w**2 - 11*w + 90. Calculate h(5).
-465
Let z(f) = -1359*f + 218784. What is z(161)?
-15
Let o(w) = 7868*w - 3446182. Calculate o(438).
2
Let r(h) = -11*h**3 - 1238*h**2 - 3710*h - 6. Determine r(-3).
279
Let z(y) = -279*y + 40409. What is z(145)?
-46
Let a(g) = -391*g + 2160. Calculate a(5).
205
Let b(o) = -o**3 - 213*o**2 + 2566*o - 7208. What is b(7)?
-26
Let l(w) = 43*w**2 + 10870*w - 2287. What is l(-253)?
-10
Let w(d) = 4*d**2 - 9526*d + 4805714. Give w(1656).
2
Let y(t) = -34683*t + 346817. Determine y(10).
-13
Let h(x) = 9377*x**2 - 46876*x - 11. Determine h(5).
34
Let x(k) = -7107107*k + 14214219. Determine x(2).
5
Let g(y) = -2*y**3 - 55*y**2 - 201*y + 227. Determine g(-23).
89
Let s(l) = -34*l**2 + 1046*l - 6277. Calculate s(6).
-1225
Let n(k) = 1410*k - 6918. Calculate n(5).
132
Let q(w) = 31*w**2 + 268*w + 804. Calculate q(-7).
447
Let x(n) = -5*n**3 + 52*n**2 + 15*n - 884. Calculate x(8).
4
Let r(l) = -2*l**2 + 512*l - 2003. Give r(252).
13
Let t(g) = 4501*g + 4498. Determine t(-1).
-3
Let x(l) = 21329*l + 18385637. Calculate x(-862).
39
Let r(m) = 3*m**2 - 478*m + 17112. What is r(105)?
-3
Let p(f) = f**2 + 69*f - 241. Determine p(-69).
-241
Let l(m) = -3427*m - 1980812. What is l(-578)?
-6
Let p(i) = -88*i + 1644. Determine p(16).
236
Let i(q) = -q**3 + 185*q**2 - 8570*q + 8683. Give i(101).
-3
Let g(c) = -4*c**3 - 116*c**2 - 989*c - 8203. Determine g(-22).
3
Let c(n) = 6343*n - 2778209. Calculate c(438).
25
Let l(v) = 5*v**2 + 175*v - 294. What is l(-29)?
-1164
Let x(q) = -q**3 - 336*q**2 - 25726*q - 441. Calculate x(-218).
-5
Let n(o) = 3304*o + 102416. Calculate n(-31).
-8
Let y(t) = -t**2 + 6394*t - 31946. Determine y(5).
-1
Let f(d) = -3*d**2 + 206*d - 1781. Determine f(10).
-21
Let h(q) = -47768*q - 191081. Give h(-4).
-9
Let a(g) = 2*g**3 - 1251*g**2 + 24219*g + 8. Give a(20).
-12
Let f(o) = 2*o**2 - 319*o - 2640. Give f(-8).
40
Let f(m) = 17*m**3 - 245*m**2 + 139*m - 182. Give f(15).
4153
Let l(f) = -f**3 - 17*f**2 - 133*f - 301. Give l(-10).
329
Let i(f) = -9008*f**2 - 126113*f - 16. Calculate i(-14).
-2
Let j(b) = -b**3 + 94*b**2 + 59*b + 3663. Determine j(95).
243
Let k(u) = -2*u**2 + 1683*u - 28218. Calculate k(17).
-185
Let b(z) = z**2 + 6521*z + 32590. Calculate b(-5).
10
Let z(x) = -176014*x + 1232097. Calculate z(7).
-1
Let o(j) = j**3 + 23*j**2 + 1089*j + 5915. What is o(-6)?
-7
Let g(j) = 29*j**3 - 7*j**2 - 123*j + 242. Determine g(2).
200
Let y(j) = -2*j**3 + 487*j**2 + 2711*j + 6971. Give y(249).
-1
Let i(w) = -2*w**3 + 598*w**2 - 580*w - 4708. Give i(298).
60
Let o(j) = -j**3 + 8*j**2 + 81*j + 36. Determine o(14).
-6
Let y(g) = -767*g - 4066. Give y